lculate o(-97).
-57
Let p(h) = 10*h**2 - 508*h - 25. Give p(51).
77
Let x(w) = 10*w + 566. Determine x(-55).
16
Let l(x) = 3*x**3 - 18*x**2 + 2309*x - 13851. Calculate l(6).
3
Let t(k) = 2*k**2 - 49*k + 53. What is t(21)?
-94
Let s(j) = 8*j**3 + j**2 - 8*j + 4. What is s(3)?
205
Let r(h) = 7*h**3 + 41*h**2 + 9*h - 2. Calculate r(-6).
-92
Let s(v) = -228*v - 2518. Determine s(-11).
-10
Let z(i) = -i - 124. Give z(-42).
-82
Let w(h) = -43*h - 842. Calculate w(-20).
18
Let m(w) = 4*w - 111. What is m(16)?
-47
Let f(i) = -9*i**2 + 24*i - 25. Determine f(3).
-34
Let k(z) = -1383*z + 59477. What is k(43)?
8
Let y(a) = -595*a**2 + 1192*a + 2. Determine y(2).
6
Let u(b) = -120*b - 6857. What is u(-57)?
-17
Let x(u) = 131*u - 14807. What is x(113)?
-4
Let x(p) = 449*p - 2234. Calculate x(5).
11
Let k(y) = y**2 - 219*y - 1577. Determine k(-7).
5
Let t(v) = 523*v + 62757. Determine t(-120).
-3
Let s(t) = 2*t**2 + 18*t + 24. What is s(-7)?
-4
Let a(k) = 2*k**3 - 7*k**2 + 60*k - 289. What is a(5)?
86
Let u(h) = -2*h**2 - 61*h + 113. Calculate u(-32).
17
Let o(v) = -v**3 - 22*v**2 + 5*v + 87. Give o(-22).
-23
Let y(s) = s**3 + 11*s**2 - 26*s - 188. Give y(-11).
98
Let m(i) = 4*i**2 - 8*i + 6. Calculate m(2).
6
Let k(s) = 35*s + 805. Calculate k(-23).
0
Let y(z) = z**2 - 107*z + 636. Give y(6).
30
Let z(m) = -22*m + 314. Calculate z(31).
-368
Let s(c) = -19735*c - 138156. Give s(-7).
-11
Let d(n) = -136*n**3 + n**2 + 48*n + 47. Calculate d(-1).
136
Let a(h) = 2*h**2 - 104*h. What is a(52)?
0
Let d(w) = 2*w**2 + 29*w - 89. What is d(-18)?
37
Let t(s) = s**2 - 32*s + 229. Determine t(11).
-2
Let x(j) = j**2 - 30*j - 136. Give x(33).
-37
Let a(h) = 7*h**2 - h - 169. Determine a(-6).
89
Let j(i) = 5*i - 53. What is j(15)?
22
Let n(d) = -6*d**3 + 16*d**2 + 35*d - 42. Determine n(-2).
0
Let y(k) = -2*k**2 - k + 1. Calculate y(-5).
-44
Let q(c) = -2*c**3 - 37*c**2 - 5*c + 252. Determine q(-18).
18
Let a(k) = -k**2 - 61*k - 100. Calculate a(-41).
720
Let p(y) = -19*y**2 - 42*y + 72. Determine p(2).
-88
Let z(s) = 2*s**3 - 214*s**2 - 186*s - 3237. Calculate z(108).
3
Let b(i) = 6*i**3 - 11*i**2 - 12*i + 36. Calculate b(5).
451
Let u(s) = -19*s - 2. Give u(8).
-154
Let h(t) = -6*t**2 + 148*t - 237. Give h(23).
-7
Let h(u) = u**2 - 4123*u + 12362. What is h(3)?
2
Let q(y) = 18*y - 559. Give q(29).
-37
Let o(u) = 5*u**2 + 68*u + 230. Calculate o(-6).
2
Let r(d) = -64*d - 175. Calculate r(-3).
17
Let b(u) = 6*u**2 - 113*u - 55. Determine b(19).
-36
Let t(s) = -s**3 - 46*s**2 - 305*s + 2806. Calculate t(-16).
6
Let n(u) = 108*u**3 + 2*u**2 - u + 2. Determine n(0).
2
Let n(q) = -4*q**2 + 332*q - 4292. Determine n(67).
-4
Let o(h) = -h**2 - 87*h - 1005. Give o(-16).
131
Let k(z) = -12*z**2 + 72*z + 14. Calculate k(6).
14
Let c(h) = h**3 + 2*h**2 + 23*h - 28. Give c(0).
-28
Let r(d) = -60*d - 539. Calculate r(-9).
1
Let y(d) = -2*d - 91. Calculate y(-15).
-61
Let c(f) = f**3 - 25*f**2 - 36*f - 219. Determine c(27).
267
Let q(z) = -1725*z + 8711. What is q(5)?
86
Let h(q) = 116*q + 7049. Calculate h(-60).
89
Let f(b) = 41*b**2 - 8*b - 18. Determine f(-4).
670
Let p(c) = 2*c**2 + 36*c - 2. Determine p(-16).
-66
Let t(o) = 2*o**3 - 3*o**2 + o + 222. Give t(0).
222
Let i(s) = 32*s**2 + 72*s + 1. Give i(-2).
-15
Let q(o) = -50*o - 661. What is q(-14)?
39
Let a(c) = 90*c + 191. Give a(-4).
-169
Let t(f) = 28*f**2 + 459*f - 56. What is t(-16)?
-232
Let w(a) = -a**3 + 59*a**2 - 83*a - 1761. Determine w(57).
6
Let a(m) = m**2 - 104*m - 905. Determine a(-8).
-9
Let s(g) = -635*g - 1929. Give s(-3).
-24
Let h(x) = x**3 - 12*x**2 + 36*x + 8. Determine h(5).
13
Let u(i) = -i**3 - 2*i**2 + 145*i - 21. Give u(11).
1
Let c(u) = -2*u + 26. Determine c(8).
10
Let d(k) = 186*k - 1077. Determine d(6).
39
Let q(r) = 6*r**3 - r**2 - 27*r + 29. Give q(1).
7
Let c(z) = 17*z**2 + 138*z - 63. Give c(-11).
476
Let s(a) = -a**3 + 22*a**2 - 33*a - 43. Determine s(20).
97
Let d(y) = -10*y**3 + 12*y - 29. Determine d(2).
-85
Let j(z) = 4*z + 111. Give j(-15).
51
Let i(k) = -8*k**2 - 33*k - 78. Calculate i(-5).
-113
Let r(v) = v**3 + 19*v**2 + 25*v - 24. Determine r(-18).
-150
Let a(l) = -461*l - 3690. Determine a(-8).
-2
Let k(w) = 787*w - 793. Determine k(1).
-6
Let z(q) = -162*q + 1339. What is z(8)?
43
Let a(d) = 269*d + 6188. Determine a(-23).
1
Let m(w) = -w**2 + 20*w - 147. What is m(18)?
-111
Let r(p) = 140*p + 20693. Determine r(-148).
-27
Let t(w) = w**2 + 68*w + 398. Determine t(-62).
26
Let r(i) = 11*i + 231. Give r(-22).
-11
Let p(m) = -4*m**2 + 18*m - 76. What is p(12)?
-436
Let y(m) = -m**3 - 29*m**2 - 24*m + 59. Determine y(-28).
-53
Let i(b) = 2*b**3 - 33*b**2 - 1040*b + 3. Give i(-16).
3
Let s(t) = t**2 + 50*t + 283. What is s(-7)?
-18
Let p(l) = 21*l**2 + 7*l - 14. Determine p(1).
14
Let w(q) = 2*q**2 - 10*q - 602. What is w(20)?
-2
Let v(i) = 2*i**3 - 169*i**2 - 91*i + 11. Give v(85).
-499
Let x(m) = m**3 + 139*m**2 - 1335*m - 460. Determine x(-148).
-16
Let b(h) = 7*h**2 + 45*h + 21. What is b(-10)?
271
Let x(b) = b**3 - 150*b**2 + 7*b - 1077. Determine x(150).
-27
Let y(q) = 3751*q + 37513. Calculate y(-10).
3
Let c(f) = -f**3 + 76*f**2 + 159*f - 283. Determine c(78).
-49
Let h(x) = 12*x**2 - 33*x + 56. Determine h(2).
38
Let x(j) = 12*j - 108. Give x(-4).
-156
Let a(v) = -325*v + 930. Give a(3).
-45
Let m(q) = 1532*q + 1576. What is m(-1)?
44
Let p(y) = -3*y**2 - 531*y - 1090. What is p(-175)?
-40
Let q(s) = s**3 - 10*s**2 + 120*s - 825. What is q(8)?
7
Let y(v) = 4*v**3 + 132*v**2 - 3*v - 95. What is y(-33)?
4
Let n(r) = 14*r**2 - 203*r + 51. Give n(13).
-222
Let n(c) = c**3 - 15*c**2 + 40*c - 128. What is n(13)?
54
Let c(n) = -6158*n + 135470. What is c(22)?
-6
Let g(x) = -2*x**3 - 189*x**2 + 97*x + 188. Calculate g(-95).
-2
Let h(r) = -25*r**2 - 130*r + 114. Calculate h(-6).
-6
Let t(f) = -171*f + 2554. Give t(15).
-11
Let a(x) = -59*x + 29. Give a(3).
-148
Let l(i) = -11*i - 83. Calculate l(-5).
-28
Let v(a) = 8*a**3 - 11*a**2 - 5*a + 22. Determine v(4).
338
Let d(j) = -2*j**3 - 14*j**2 + 35*j + 6. What is d(-9)?
15
Let b(k) = k - 37. Give b(7).
-30
Let p(h) = h**3 - 7*h**2 + 5*h - 1. Give p(6).
-7
Let h(m) = -5*m - 52. Calculate h(-12).
8
Let y(n) = -16*n + 82. Give y(29).
-382
Let h(c) = 96*c**3 - 5*c - 4. Give h(-1).
-95
Let z(a) = -a**3 + 36*a**2 + 1194*a - 67. Determine z(-21).
-4
Let q(a) = -a**2 - 4*a + 16. Determine q(2).
4
Let f(x) = -x**2 + 22*x - 107. Determine f(6).
-11
Let x(i) = i**3 + 42*i**2 - 88*i + 12. Determine x(-44).
12
Let z(f) = -f**2 + 14*f + 181. Calculate z(-9).
-26
Let h(o) = -327*o + 1981. Give h(6).
19
Let o(l) = -l**2 + 15*l + 1137. Determine o(42).
3
Let l(x) = x**2 + 25*x - 27903. What is l(155)?
-3
Let u(n) = -422*n + 3773. Calculate u(9).
-25
Let z(y) = y**3 - 17*y**2 + 57*y + 66. Give z(12).
30
Let c(v) = -2*v**3 - 933*v**2 + 3281*v - 4237. Determine c(-470).
-7
Let u(i) = 2*i**3 + 25*i**2 - 37*i + 25. Determine u(-14).
-45
Let r(l) = -l**2 + 29*l - 122. Calculate r(12).
82
Let b(q) = -4*q**2 - 186*q + 53. Calculate b(-44).
493
Let w(j) = 937*j + 7498. Determine w(-8).
2
Let m(k) = -4*k**2 - 10*k + 178. Calculate m(7).
-88
Let l(v) = 5*v**3 + 23*v**2 - 349*v + 30. Give l(-11).
-3
Let k(s) = s**2 + s + 311. Determine k(0).
311
Let y(f) = 15*f + 725. Determine y(-63).
-220
Let h(i) = -19*i - 66. What is h(-7)?
67
Let x(k) = -k**3 - 20*k**2 + 18*k - 23. What is x(-21)?
40
Let i(d) = -3*d**2 + 29*d - 179. What is i(12)?
-263
Let r(g) = -556*g**2 + 45036*g - 6. Determine r(81).
-6
Let d(h) = 228*h - 5021. Calculate d(22).
-5
Let i(a) = -2*a**3 + 53*a**2 - 332*a + 22. Determine i(10).
2
Let n(s) = -254*s**3 + s**2 - 4*s + 2. Determine n(1).
-255
Let l(u) = -u**2 + 2055*u + 4114. Give l(-2).
0
Let t(y) = -y**2 - 68*y + 7122. Determine t(57).
-3
Let w(k) = 343*k - 30541. Determine w(89).
-14
Let d(w) = 3*w**2 + 60*w + 283. Determine d(-12).
-5
Let w(i) = -2*i**3 - 4*i**2 - 164*i - 962. What is w(-5)?
8
Let f(t) = -19*t**2 + 49*t + 99. What is f(-2)?
-75
Let g(h) = -33*h + 1653. Determine g(51).
-30
Let o(m) = m**2 - 106*m - 558. What is o(111)?
-3
Let q(m) = -m**3 - 31*m**2 + 1016*m + 8. What is q(20)?
-72
Let x(u) = -4*u**2 + 84*u + 283. Determine x(25).
-117
Let g(l) = -2*l - 261. What is g(-130)?
-1
Let c(u) = 128*u**2 - 94*u + 96. What is c(1)?